


{"id":140,"date":"2012-03-21T15:40:13","date_gmt":"2012-03-21T15:40:13","guid":{"rendered":"http:\/\/www.blackfive.hu\/?page_id=140"},"modified":"2016-03-04T08:04:33","modified_gmt":"2016-03-04T08:04:33","slug":"repertoar","status":"publish","type":"page","link":"https:\/\/www.blackfive.hu\/?page_id=140","title":{"rendered":"Reperto\u00e1r"},"content":{"rendered":"ABBA \u2013 Gimmie gimmie\r\n\r\nABBA \u2013 Mamma mia\r\n\r\nABBA-Waterloo\r\n\r\nAC\/DC \u2013 Highway to hell\r\n\r\nAC\/DC \u2013 Shook me all night long\r\n\r\nAfric Simone-Haffanana\r\n\r\nAuth Csilla \u2013 Vigy\u00e9l el\r\n\r\nAvicii \u2013 Wake me up\r\n\r\nBack II Black \u2013 Tevagyazakitalegjobban\r\n\r\nBack II Black \u2013 \u00dagy v\u00e1rtalak\r\n\r\nBack II Black \u2013 V\u00e1rj\r\n\r\nBal\u00e1zs Fec\u00f3:Cs\u00f6nd \u00e9ve\r\n\r\nBeatles \u2013 Can\u2019t buy me love\r\n\r\nBeatles \u2013 Help\r\n\r\nBeatles \u2013 She loves you\r\n\r\nBeatles \u2013 Twist and shout\r\n\r\nBeatles \u2013 Yesterday\r\n\r\nBeatrice \u2013 Azok a boldog sz\u00e9pnapok\r\n\r\nBeatrice - 8 \u00f3ra munka\r\n\r\nBeatrice \u2013 Miel\u0151tt v\u00e9gleg elmegyek\r\n\r\nBebe &amp; Oroszl\u00e1ny Szonja \u2013 Micsoda n\u0151 ez a f\u00e9rfi\r\n\r\nBikini - R\u00e9szegen ki visz haza\r\n\r\nBill Whiters \u2013 Just the two of us\r\n\r\nBillie Joel \u2013 Just the way you are\r\n\r\nBon Bon \u2013 Valami Amerika 1-2\r\n\r\nBoney M \u2013 One way ticket\r\n\r\nBoney M \u2013 Sunny\r\n\r\nBoney M \u2013 Daddy cool\r\n\r\nBruno Mars \u2013 Uptown funk\r\n\r\nBruno Mars \u2013 Locked of the heaven\r\n\r\nBryan Adams \u2013 Heaven\r\n\r\nBryan Adams \u2013 Summer of 69\r\n\r\nBruno Mars \u2013 Locked of the heaven\r\n\r\nCharlie \u2013 J\u00e9g dupla whiskyvel\r\n\r\nCharlie \u2013 Mindenki valaki\u00e9\r\n\r\nCharlie \u2013 Skandin\u00e1v \u00e9jszak\u00e1k\r\n\r\nCharlie&amp;Kir\u00e1ly Linda \u2013 J\u00e1tszom ahogyan l\u00e9legzem\r\nCharlie \u2013 Az otthon az valami m\u00e1s\r\n\r\nCharlie \u2013 N\u00e9zz az \u00e9g fel\u00e9\r\n\r\nCharlie \u2013 Ha nem vigy\u00e1zna R\u00e1d\r\n\r\nCserh\u00e1ti \u2013 Kicsi gyere velem\r\n\r\nCserh\u00e1ti &amp; Charlie \u2013 K\u00fcl\u00f6n\u00f6s Szilveszter\r\n\r\nCserh\u00e1ti&amp;Charlie \u2013 Sz\u00e1guld\u00e1s Porche Szerelem\r\n\r\nDavid Lee Roth \u2013 Just a gigolo\r\n\r\nDirty dancing - What A Feeling\r\n\r\nDemj\u00e9n \u2013 El kell, hogy engedj\r\n\r\nDemj\u00e9n \u2013 Ha elindul a vonat\r\n\r\nDemj\u00e9n \u2013 Szerelemvonat\r\n\r\nDoobie Brothers \u2013 Long train running\r\n\r\nDolly Roll \u2013 \u00c1br\u00e1ndos sz\u00e9p napok\r\n\r\nDonna Summer \u2013 Bad Girl&amp;Hot stuff\r\n\r\nEdda \u2013 K\u00f6r\r\n\r\nEdda-Csak b\u00edrd ki\r\n\r\nEdda-El\u00e9rlek egyszer\r\n\r\nEdda - Szellemvil\u00e1g\r\n\r\nElton John \u2013 I\u2019m still standing\r\n\r\nEn Vouge \u2013 Free your mind\r\n\r\nEric Clapton \u2013 Wonderful tonight\r\n\r\nEric Clapton \u2013 Bad Love\r\n\r\nEarth,Wind&amp;Fire - Fantasy\r\n\r\nEarth,Wind&amp;Fire - September\r\n\r\nEarth,Wind&amp;Fire - Let's groove\r\n\r\nElvis Presley \u2013 Blue Suede Shoes\r\n\r\nElvis Presley \u2013 Tutti Frutti\r\n\r\nEurope \u2013 Final Countdown\r\n\r\nFiona M. \u2013 Monday Morning\r\n\r\nFlashdance \u2013 Maniac\r\n\r\nFlashdance \u2013 What a feeling\r\n\r\nFriderikusz \u2013 Meglep\u0151 \u00e9s mulats\u00e1gos\r\n\r\nG\u00e1sp\u00e1r Laci - F\u00fclledt ny\u00e1r\r\n\r\nG\u00e1sp\u00e1r Laci \u2013 Sosem vagy egyed\u00fcl\r\n\r\nGio Baccio \u2013 Funky Groove\r\n\r\nGipsy Kings - Bamboleo\r\n\r\nGloria Gaynor \u2013 Can\u2019t take my eyes off you\r\n\r\nGloria Gaynor \u2013 I will survive\r\n\r\nGrease \u2013 You\u2019re want that I want?\r\n\r\nHoneybeast - Maradok\r\n\r\nHoneybeast \u2013 Legnagyobb h\u0151s\r\n\r\nHung\u00e1ria \u2013 Cs\u00f3kkir\u00e1ly\r\n\r\nHung\u00e1ria \u2013 Hotel Menthol\r\n\r\nHung\u00e1ria \u2013 Meghalok hogyha r\u00e1mn\u00e9zel\r\n\r\nHung\u00e1ria \u2013 Multimilliomos jazzdobos\r\n\r\nHung\u00e1ria - Rock&amp;Roll Party\r\n\r\nHung\u00e1ria-Csavard fel a sz\u0151nyeget\r\n\r\nIll\u00e9s \u2013 Ne gondold\r\n\r\nIll\u00e9s - Utc\u00e1n\r\n\r\nIstv\u00e1n a kir\u00e1ly \u2013 Kopp\u00e1ny dala\r\n\r\nIstv\u00e1n a kir\u00e1ly \u2013 \u00c1ldozatunk fogadj\u00e1tok\r\n\r\nJackson5 - Blame it ont he boogie\r\n\r\nJames Brown - I feel good\r\n\r\nJamiroquai - Cosmic girl\r\n\r\nJennifer Lopez - Let\u2019s get loud\r\n\r\nJoe Cocker \u2013 Unchin my heart\r\n\r\nJoe Sample \u2013 Soul Shadows\r\n\r\nJohn Joung Paul-Love is int he air\r\n\r\nKatrina&amp;The wawes \u2013 Walkin on sunshine\r\n\r\nKFT \u2013 Afrika\r\n\r\nKoncz Zsuzsa \u2013 \u00d3 miszter alkohol\r\n\r\nKoncz Zsuzsa \u2013 Valahol egy l\u00e1ny\r\n\r\nKov\u00e1cs Kati \u2013 Ha legk\u00f6zelebb l\u00e1tlak\r\n\r\nKov\u00e1cs Kati \u2013 Tal\u00e1lkoz\u00e1s egy r\u00e9gi szerelemmel\r\n\r\nK\u00f6k\u00e9ny Attila - Olyan,mint te\r\n\r\nLad\u00e1nybene \u2013 Kell egy h\u00e1z\r\n\r\nLenny Kravitz-Are you gonna my way\r\n\r\nLGT \u2013 Embereten dal\r\n\r\nLGT \u2013 Sz\u00f3lj r\u00e1m\r\n\r\nLGT \u2013 Neked \u00edrom a dalt\r\n\r\nLGT \u2013 \u0150 m\u00e9g csak most 14\r\n\r\nM People \u2013 Movin on up\r\n\r\nMagna Cum Laude \u2013 P\u00e1linka dal\r\n\r\nMagna Cum Laude \u2013 Vid\u00e9ki sajnzon\r\n\r\nMarc Anthony-I Need To Know\r\n\r\nMaroon 5 \u2013 Moves Like Jager\r\n\r\nMaroon 5 \u2013 This love\r\n\r\nM\u00e1t\u00e9 P\u00e9ter \u2013 Az\u00e9rt vannak a j\u00f3bar\u00e1tok\r\n\r\nM\u00e1t\u00e9 P\u00e9ter \u2013 Egy darabot a szivemb\u0151l\r\n\r\nM\u00e1t\u00e9 P\u00e9ter \u2013 Majdnem szerelem volt\r\n\r\nM\u00e1t\u00e9 P\u00e9ter \u2013 Zene n\u00e9lk\u00fcl mit \u00e9rek \u00e9n\r\n\r\nM\u00e1t\u00e9 P\u00e9ter - Elmegyek\r\n\r\nMichael Jackson \u2013 Blame it on the boogie\r\n\r\nMichael Jackson \u2013 Billie Jean\r\n\r\nNeoton \u2013 Ha szombat este t\u00e1ncol\r\n\r\nNeoton \u2013 Ny\u00e1r van\r\n\r\nNeoton \u2013 Santa Maria\r\n\r\nNeoton-Don Quijote\r\n\r\nOcho Macho \u2013 J\u00f3 nekem\r\n\r\nOmega \u2013 Petr\u00f3leum l\u00e1mpa\r\n\r\nOmega \u2013 R\u00e9gi csib\u00e9szek\r\n\r\nOsibisa \u2013 Sunshine day\r\n\r\nP\u00e9terfy Bori \u2013 Hajolj bele a hajamba\r\n\r\nPharell Williams- Happy\r\n\r\nPhil Collins \u2013 Easy Lover\r\n\r\nPresser G. \u2013 Nagy utaz\u00e1s\r\n\r\nPrince \u2013 Purple rain\r\n\r\nPussycat dolls \u2013 Sway\r\n\r\nQueen \u2013 Don\u2019t stop me know\r\n\r\nQuimby \u2013 Most m\u00falik pontosan\r\n\r\nRay Charles \u2013 Hit the road Jack\r\n\r\nRepublic \u2013 16 tonna\r\n\r\nRepublic \u2013 Rep\u00fcl a b\u00e1lna\r\n\r\nRepublic \u2013 Csak a sz\u00edvemen \u00e1t\r\n\r\nRicchi E Poveri \u2013 Mamma Maria\r\n\r\nR-Go - L\u00e9tezem\r\n\r\nRoberta Flack \u2013 Killing me softly\r\n\r\nR\u00fazsa Magdi \u2013 Egyszer\r\n\r\nR\u00fazsa Magdi - Szerelem\r\n\r\nSade \u2013 Smooth Operator\r\n\r\nSantana \u2013 Corazon Espinado\r\n\r\nSteve Wonder \u2013 Part time Lover\r\n\r\nSteve Wonder \u2013 Supertition\r\n\r\nSting \u2013 Fragile\r\n\r\nSz\u00e9csi P\u00e1l - Karolina\r\n\r\nSz\u0171cs Judit \u2013 Gyere t\u00e1ncolj\r\n\r\nTak\u00e1ts Tam\u00e1s \u2013 Pocsoly\u00e1ba l\u00e9ptem\r\n\r\nTak\u00e1ts Tam\u00e1s \u2013 Zakatol a vonat\r\n\r\nTina Turner \u2013 Disco Inferno\r\n\r\nTina Turner \u2013 Proud Mary\r\n\r\nTom Jones \u2013 Sexbomb\r\n\r\nToto \u2013 Hold the line\r\n\r\nVan Halen - Jump\r\n\r\nVenus \u2013 Bananarama\r\n\r\nV\u00e9nusz \u2013 Kockahas\r\n\r\nVarga F. Bal\u00e1zsy Betti - Egy bolond sz\u00e1zat csin\u00e1l\r\n\r\nVaya Con Dios \u2013 Nah Neh Nah\r\n\r\nWellhello \u2013 Apu vedd meg\r\n\r\nZanzib\u00e1r \u2013 Nem vagyok t\u00f6k\u00e9letes\r\n\r\nZalatnay Sarolta \u2013 Nem vagyok \u00e9n ap\u00e1ca","protected":false},"excerpt":{"rendered":"<p>ABBA \u2013 Gimmie gimmie ABBA \u2013 Mamma mia ABBA-Waterloo AC\/DC \u2013 Highway to hell AC\/DC \u2013 Shook me all night long Afric Simone-Haffanana Auth Csilla \u2013 Vigy\u00e9l el Avicii \u2013 Wake me up Back II Black \u2013 Tevagyazakitalegjobban Back II Black \u2013 \u00dagy v\u00e1rtalak Back II Black \u2013 V\u00e1rj Bal\u00e1zs Fec\u00f3:Cs\u00f6nd \u00e9ve Beatles \u2013 Can\u2019t [&hellip;]<\/p>\n","protected":false},"author":1,"featured_media":0,"parent":0,"menu_order":0,"comment_status":"open","ping_status":"open","template":"","meta":[],"_links":{"self":[{"href":"https:\/\/www.blackfive.hu\/index.php?rest_route=\/wp\/v2\/pages\/140"}],"collection":[{"href":"https:\/\/www.blackfive.hu\/index.php?rest_route=\/wp\/v2\/pages"}],"about":[{"href":"https:\/\/www.blackfive.hu\/index.php?rest_route=\/wp\/v2\/types\/page"}],"author":[{"embeddable":true,"href":"https:\/\/www.blackfive.hu\/index.php?rest_route=\/wp\/v2\/users\/1"}],"replies":[{"embeddable":true,"href":"https:\/\/www.blackfive.hu\/index.php?rest_route=%2Fwp%2Fv2%2Fcomments&post=140"}],"version-history":[{"count":13,"href":"https:\/\/www.blackfive.hu\/index.php?rest_route=\/wp\/v2\/pages\/140\/revisions"}],"predecessor-version":[{"id":352,"href":"https:\/\/www.blackfive.hu\/index.php?rest_route=\/wp\/v2\/pages\/140\/revisions\/352"}],"wp:attachment":[{"href":"https:\/\/www.blackfive.hu\/index.php?rest_route=%2Fwp%2Fv2%2Fmedia&parent=140"}],"curies":[{"name":"wp","href":"https:\/\/api.w.org\/{rel}","templated":true}]}}